a*y = 0. What is the tens digit of v?
8
Let b(n) = 26*n**2 - 5*n + 6. Let r = 60 + -58. What is the units digit of b(r)?
0
Suppose -3*k = -5*t + 131 + 653, 3*k = 4*t - 626. Suppose z + y - 15 - 52 = 0, t = 2*z - 4*y. What is the tens digit of z?
7
Let k(o) = o**2 + 2*o - 14. Let r be k(-9). Let a = 6 + r. What is the tens digit of a?
5
Suppose 0 = 3*t - 3*r + 600, 4*r = 5*t + 636 + 368. Let k = 390 + t. What is the hundreds digit of k?
1
Let m = -15 + 25. Suppose m*l - 562 + 92 = 0. What is the units digit of l?
7
Let l(w) = -19*w**3 + 4*w**2 - 14*w + 29. What is the units digit of l(-6)?
1
What is the hundreds digit of 509 - (4 - (-9)/(-1))?
5
Suppose 5*b - 421 = 1829. Suppose 2*w = -w + b. What is the units digit of w?
0
Suppose n - 2*n - 9 = 0. Let g(t) = t**3 + 9*t**2 - 2*t - 5. Let h be g(n). Suppose -h = x - 59. What is the units digit of x?
6
Suppose 0 = -29*r + 17*r + 10536. What is the tens digit of r?
7
Let y(t) = -t**3 - 8*t**2 - 9*t + 1. Let z be y(-7). Suppose 3*g + n + z - 49 = 0, 0 = 2*g + 4*n - 26. What is the tens digit of g?
1
Let u = -3998 - -6747. What is the hundreds digit of u?
7
Let u(c) = c**3 - 8*c**2 + 8*c + 9. Let k be u(7). Suppose -k + 56 = 2*w. What is the tens digit of w?
2
Let j = -62 - -1630. Suppose -8*i - j = -22*i. What is the hundreds digit of i?
1
Let o = 1741 - 119. What is the units digit of o?
2
Suppose 0*a - a + 91 = 0. Suppose -5*f = 5, -5*f = -4*y + 94 + a. What is the tens digit of y?
4
Let y = 89 + 411. Let m = y + -258. What is the hundreds digit of m?
2
Let o(b) = -b**3 - 75*b**2 - 58*b + 197. What is the tens digit of o(-75)?
4
Let a(s) = -844*s + 344. What is the tens digit of a(-5)?
6
Suppose -7*z + 5*z + 12 = 0. Suppose 0 = 4*m - m - 2*y - 233, z = 3*y. What is the units digit of m?
9
Suppose 10*p - 759 = 10871. What is the hundreds digit of p?
1
Let g(m) = 2*m - m**2 + 54*m**2 - 18*m**2 + 27*m**2 - 1. What is the hundreds digit of g(2)?
2
Suppose -5*f + 954 + 1076 = 0. What is the units digit of f?
6
Let m = 319 - 220. Let k = m + -24. What is the units digit of k?
5
Let d = 22 - -1. Suppose d + 16 = 3*u. Let o = u + -8. What is the units digit of o?
5
Suppose 2*t = 7*t - 275. Let p = t - 39. Let h = 19 - p. What is the units digit of h?
3
Let p = 222 - 209. What is the tens digit of p?
1
Let f = -1837 + 3339. What is the tens digit of f?
0
Suppose -14*s + 4570 = -1282. What is the tens digit of s?
1
Let m(w) = 19*w + w**3 - 3*w**2 - 4 - 10*w - 5*w**2 - 3*w. What is the units digit of m(9)?
1
Let q be (6/(-7))/((-1)/7). Suppose -11*f + 695 = -q*f. What is the hundreds digit of f?
1
Suppose -3*s = 2*k - 809, k + 4*k + 5*s - 2015 = 0. What is the units digit of k?
0
Suppose -7*q + 0*q + 168 = 0. Suppose q*u = 23*u + 137. What is the hundreds digit of u?
1
Suppose -3*z - 4*u = -2654, -2140 = 5*z - u - 6548. What is the tens digit of z?
8
Let a be 26*((-1)/(-2))/(5/10). Suppose 9*v + a = 11*v. What is the units digit of v?
3
What is the units digit of 206/(-5)*(-1365)/78?
1
Let q = 597 + -389. Suppose y - 192 = s, y - q = -0*y - 3*s. What is the hundreds digit of y?
1
Suppose -5*v + 20 = -3*v - 4*q, -2*q + 40 = 4*v. Let o = -32 - v. Let x = o + 76. What is the tens digit of x?
3
Let u = 592 + 11. Let m = 883 - u. What is the tens digit of m?
8
Suppose -10*v = -6 - 44. Suppose q - 4*m - 325 + 61 = 0, -v*q = 4*m - 1320. What is the tens digit of q?
6
Suppose -2*b + 2*l + 42 = 0, b - 2*b + 36 = 4*l. What is the tens digit of 3296/b + 2/3?
3
Let b = 114 + -34. Suppose b = -6*w + 3*w + d, 2*w = -2*d - 64. Let q = 46 + w. What is the tens digit of q?
1
Suppose j - 128 = -2*f, -56*j + 265 = -54*j - 5*f. What is the hundreds digit of j?
1
Suppose 2*l = 85 + 419. Suppose 5*i - i = -l. What is the units digit of (-1)/(-5) + i/(-35)?
2
Let h(z) = z**2 - 3*z + 8. Let w = 5 + -1. Suppose -13 = -w*j + 15. What is the units digit of h(j)?
6
Let p(o) = 2*o**2 + 3*o + 2. Let t be p(-2). Let d(v) = 8 + 4 - v + t - 6. What is the units digit of d(6)?
4
Let d(t) = -14*t + 36. Let v be d(0). Let l be 53/4 - (-2)/(-8). Let j = v - l. What is the units digit of j?
3
Suppose 38*a - 21*a - 34323 = 0. What is the hundreds digit of a?
0
Let t = 6560 - 2172. What is the tens digit of t?
8
Suppose -30088 = -31*u - 3769. What is the hundreds digit of u?
8
Suppose 15*b + 23*b = 1216. Suppose 0 = 4*p + 43 - 175. Let m = p - b. What is the units digit of m?
1
Suppose 70*r - 48*r = 13706. What is the tens digit of r?
2
Suppose 238*r + 8943 = 249*r. What is the tens digit of r?
1
Let c(n) = 16*n**2 - 77*n + 10. What is the units digit of c(16)?
4
Let u be 610/35 + (-8)/(-14). Let a = u + -29. Let x = a - -26. What is the tens digit of x?
1
Let d = -558 - -621. What is the units digit of d?
3
Let f = 80 + -78. Suppose 0 = 4*p + f*r - 170, 4*p + 5*r = -p + 205. What is the units digit of p?
4
Suppose 0 = 4*c + 54 - 166. Let n = -13 + c. What is the tens digit of n?
1
Suppose 5694 = 12*b + b. Suppose -4 = 4*o, 4*y - b = -3*o + o. What is the tens digit of y?
1
Suppose 570 - 2077 = -11*y. What is the tens digit of y?
3
Suppose k = -306 + 2953. What is the units digit of k?
7
Let r be (22 - 18)*233*-1. What is the units digit of (-1)/27*-6 - r/18?
2
Let i = 8 - 13. Let b be (-26)/5*(1 + -6 + 10). Let n = i - b. What is the tens digit of n?
2
Let j = 4 + -4. Suppose -2*l = -j*l. What is the tens digit of (-2)/6*l - -15?
1
Let u(k) = 15*k**2 + 7*k + 16. Let q be 1*(-2)/4*(-1 - -7). What is the tens digit of u(q)?
3
Suppose -5*s - 16 = -3*l, 2*l - l - 3*s - 8 = 0. Let a(f) = f**l + 2*f**2 - 3*f**2 + 2*f**2 - 3*f. What is the tens digit of a(-3)?
2
Suppose 3*x = 6*x - 12. Let n = 33 - 29. Suppose -x*a - 66 = -2*y, -5*a - 12 = -n*y + 132. What is the units digit of y?
1
Let n(u) = -13*u + 19. Let c be n(-9). Suppose c - 48 = m. What is the units digit of m?
8
Let r(k) = 19*k**2 + 20*k - 13. What is the units digit of r(-6)?
1
Let m = 93 - 103. Let c = m + 51. What is the tens digit of c?
4
Let f(m) = 67*m - 13. Let b(q) = 12*q - 34. Let n be b(3). What is the units digit of f(n)?
1
Let q(b) = 37*b - 12. Let l(y) = -74*y + 23. Let s(r) = -6*l(r) - 11*q(r). What is the units digit of s(3)?
5
Let p = 62 - -67. What is the units digit of (-2)/(p/132 + -1)?
8
Suppose -5*w + 125 + 75 = -j, -2*w + 80 = 5*j. Suppose -l - w = -5*l. What is the units digit of 8/(-5)*(5 - l)?
8
Suppose -2*a + 10496 = 4*m - 8*m, -4*m - 26228 = -5*a. What is the units digit of a?
4
Suppose 3*d = -0*d + 9. Suppose 5*i = o - 10, d*i + 1 = -5. Suppose o = a + 2*a - 21. What is the units digit of a?
7
Let t(w) = w**3 - 12*w**2 + 13*w - 7. Suppose -3*d = -7*d + 52. Suppose -2*z + d = -y - 2*y, -z = -5*y + 4. What is the tens digit of t(z)?
1
Let k(d) be the second derivative of 7*d**4/12 + d**3/3 + 7*d**2/2 + 12*d. Let z(o) be the first derivative of k(o). What is the units digit of z(4)?
8
Let a(c) = c**3 + 4*c**2 - 2*c - 1. Let n be a(-5). Let h = n - -20. Suppose 0 = d - h*y - 14 - 19, -4*d - 5*y = -153. What is the units digit of d?
7
Let w(a) = 320*a**2 + 1 - 156*a**2 + 7*a - 126*a**2. What is the tens digit of w(-1)?
3
Let y be 6 - (0 - -1 - 2). Suppose -4*u + 2*a = -0*a, 4*a = 2*u + 12. Let t = u + y. What is the units digit of t?
9
Suppose 0 = 7*b - 5*b. Suppose -66 = -2*s + 2*c, s = -b*c + 3*c + 31. What is the tens digit of s?
3
Suppose 0 = 2*g + g - 12, -10080 = -4*w + 4*g. What is the tens digit of w?
2
Suppose -3816 = -4*r - 4*r. What is the tens digit of r?
7
What is the hundreds digit of 1*4*(-40)/(-32) + 193?
1
Let g be (14/(-6))/(5/15). Let s(j) = -11*j**2 + j. Let d(y) = 34*y**2 - 3*y. Let o(z) = g*s(z) - 2*d(z). What is the tens digit of o(2)?
3
Let a be (-1)/(-5) + 90/50. Suppose -21 + 7 = a*n. What is the tens digit of n*(-5)/(3 + -2)?
3
Let k(x) = 256*x**2 - 25*x - 2. What is the hundreds digit of k(4)?
9
Let p(b) = -2*b + 5. Let g be p(5). Let q be -2 + 1 - 1 - g. Suppose 5*u - 62 = q*u. What is the units digit of u?
1
Suppose -2*m = -3*o + 12, 0 = -4*o - 2*m - m - 1. Suppose -o*c + 19 + 1 = 0. Suppose q - c - 28 = 0. What is the tens digit of q?
3
Let j(c) = -c**3 - c**2 - 11*c + 6. Let h(w) = -w**2 + w. Let b(q) = 6*h(q) + j(q). Let n be b(-6). Suppose -5*t + n = -70. What is the units digit of t?
4
Suppose 2*g + 18 = -0. Let u(z) = z**3 + 8*z*